{"id":203,"date":"2013-02-05T12:26:48","date_gmt":"2013-02-05T12:26:48","guid":{"rendered":"http:\/\/paroquiagloria.org\/v2\/?page_id=203"},"modified":"2016-11-04T16:39:05","modified_gmt":"2016-11-04T16:39:05","slug":"servico-de-preparacao-para-o-matrimonio","status":"publish","type":"page","link":"https:\/\/paroquiagloria.org\/v2\/?page_id=203","title":{"rendered":"Servi\u00e7o de Prepara\u00e7\u00e3o para o Matrim\u00f3nio"},"content":{"rendered":"<p><a href=\"http:\/\/paroquiagloria.org\/v2\/wp-content\/uploads\/2013\/02\/matrim\u00f3nio.jpg\"><img loading=\"lazy\" class=\"size-full wp-image-628 aligncenter\" src=\"http:\/\/paroquiagloria.org\/v2\/wp-content\/uploads\/2013\/02\/matrim\u00f3nio.jpg\" alt=\"matrim\u00f3nio\" width=\"430\" height=\"293\" srcset=\"https:\/\/paroquiagloria.org\/v2\/wp-content\/uploads\/2013\/02\/matrim\u00f3nio.jpg 430w, https:\/\/paroquiagloria.org\/v2\/wp-content\/uploads\/2013\/02\/matrim\u00f3nio-300x204.jpg 300w\" sizes=\"(max-width: 430px) 100vw, 430px\" \/><\/a><\/p>\n<div style=\"text-align: justify;\"><\/div>\n<div style=\"text-align: justify;\">O encontro de prepara\u00e7\u00e3o para o Matrim\u00f3nio decorre na <span style=\"text-decoration: underline;\">sexta-feira<\/span> a partir das 21h30 no Centro Paroquial (atr\u00e1s da S\u00e9) e no <span style=\"text-decoration: underline;\">s\u00e1bado<\/span> das 9h at\u00e9 \u00e0s 18h, na Casa das Dominicanas de Santa Catarina de Sena, no Bairro de Santiago.<\/div>\n<div style=\"text-align: justify;\">A <span style=\"text-decoration: underline;\">participa\u00e7\u00e3o<\/span> nos encontros <span style=\"text-decoration: underline;\">deve ser integral<\/span> e <span style=\"text-decoration: underline;\">destina-se aos dois noivos<\/span>. Estes encontros requerem uma <span style=\"text-decoration: underline;\">inscri\u00e7\u00e3o pr\u00e9via<\/span>, que dever\u00e1 ser feira, no Cart\u00f3rio Paroquial.<\/div>\n<div style=\"text-align: justify;\">Os noivos provenientes de outras Par\u00f3quias\u00a0devem trazer uma <span style=\"text-decoration: underline;\">carta do respectivo p\u00e1roco<\/span> que organizar\u00e1 o processo\u00a0de casamento cat\u00f3lico.<\/div>\n<div style=\"text-align: justify;\"><\/div>\n<div style=\"text-align: center;\">\n<h2><span style=\"text-decoration: underline;\"><strong>Datas dos encontros em 2017:<\/strong><\/span><\/h2>\n<h2><strong>17 e 18 de\u00a0Fevereiro<\/strong><\/h2>\n<h2><strong>19 e 20 de Maio<\/strong><\/h2>\n<h2><strong>21 e 22 de Julho<\/strong><\/h2>\n<div><\/div>\n<div><\/div>\n<\/div>\n","protected":false},"excerpt":{"rendered":"<p>O encontro de prepara\u00e7\u00e3o para o Matrim\u00f3nio decorre na sexta-feira a partir das 21h30 no Centro Paroquial (atr\u00e1s da S\u00e9) e no s\u00e1bado das 9h at\u00e9 \u00e0s 18h, na Casa das Dominicanas de Santa Catarina de Sena, no Bairro de Santiago. A participa\u00e7\u00e3o nos encontros deve ser integral e destina-se aos dois noivos. Estes encontros [&hellip;]<\/p>\n","protected":false},"author":1,"featured_media":0,"parent":111,"menu_order":0,"comment_status":"open","ping_status":"closed","template":"","meta":{"ngg_post_thumbnail":0},"_links":{"self":[{"href":"https:\/\/paroquiagloria.org\/v2\/index.php?rest_route=\/wp\/v2\/pages\/203"}],"collection":[{"href":"https:\/\/paroquiagloria.org\/v2\/index.php?rest_route=\/wp\/v2\/pages"}],"about":[{"href":"https:\/\/paroquiagloria.org\/v2\/index.php?rest_route=\/wp\/v2\/types\/page"}],"author":[{"embeddable":true,"href":"https:\/\/paroquiagloria.org\/v2\/index.php?rest_route=\/wp\/v2\/users\/1"}],"replies":[{"embeddable":true,"href":"https:\/\/paroquiagloria.org\/v2\/index.php?rest_route=%2Fwp%2Fv2%2Fcomments&post=203"}],"version-history":[{"count":22,"href":"https:\/\/paroquiagloria.org\/v2\/index.php?rest_route=\/wp\/v2\/pages\/203\/revisions"}],"predecessor-version":[{"id":4875,"href":"https:\/\/paroquiagloria.org\/v2\/index.php?rest_route=\/wp\/v2\/pages\/203\/revisions\/4875"}],"up":[{"embeddable":true,"href":"https:\/\/paroquiagloria.org\/v2\/index.php?rest_route=\/wp\/v2\/pages\/111"}],"wp:attachment":[{"href":"https:\/\/paroquiagloria.org\/v2\/index.php?rest_route=%2Fwp%2Fv2%2Fmedia&parent=203"}],"curies":[{"name":"wp","href":"https:\/\/api.w.org\/{rel}","templated":true}]}}

Serviço de Preparação para o Matrimónio

<p><a href="http://paroquiagloria.org/v2/wp-content/uploads/2013/02/matrimónio.jpg"><img loading="lazy" class="size-full wp-image-628 aligncenter" src="http://paroquiagloria.org/v2/wp-content/uploads/2013/02/matrimónio.jpg" alt="matrimónio" width="430" height="293" srcset="https://paroquiagloria.org/v2/wp-content/uploads/2013/02/matrimónio.jpg 430w, https://paroquiagloria.org/v2/wp-content/uploads/2013/02/matrimónio-300x204.jpg 300w" sizes="(max-width: 430px) 100vw, 430px" /></a></p>
<div style="text-align: justify;"></div>
<div style="text-align: justify;">O encontro de preparação para o Matrimónio decorre na <span style="text-decoration: underline;">sexta-feira</span> a partir das 21h30 no Centro Paroquial (atrás da Sé) e no <span style="text-decoration: underline;">sábado</span> das 9h até às 18h, na Casa das Dominicanas de Santa Catarina de Sena, no Bairro de Santiago.</div>
<div style="text-align: justify;">A <span style="text-decoration: underline;">participação</span> nos encontros <span style="text-decoration: underline;">deve ser integral</span> e <span style="text-decoration: underline;">destina-se aos dois noivos</span>. Estes encontros requerem uma <span style="text-decoration: underline;">inscrição prévia</span>, que deverá ser feira, no Cartório Paroquial.</div>
<div style="text-align: justify;">Os noivos provenientes de outras Paróquias devem trazer uma <span style="text-decoration: underline;">carta do respectivo pároco</span> que organizará o processo de casamento católico.</div>
<div style="text-align: justify;"></div>
<div style="text-align: center;">
<h2><span style="text-decoration: underline;"><strong>Datas dos encontros em 2017:</strong></span></h2>
<h2><strong>17 e 18 de Fevereiro</strong></h2>
<h2><strong>19 e 20 de Maio</strong></h2>
<h2><strong>21 e 22 de Julho</strong></h2>
<div></div>
<div></div>
</div>

<p>O encontro de preparação para o Matrimónio decorre na sexta-feira a partir das 21h30 no Centro Paroquial (atrás da Sé) e no sábado das 9h até às 18h, na Casa das Dominicanas de Santa Catarina de Sena, no Bairro de Santiago. A participação nos encontros deve ser integral e destina-se aos dois noivos. Estes encontros [&hellip;]</p>
