{"id":96,"date":"2013-01-22T19:55:53","date_gmt":"2013-01-22T19:55:53","guid":{"rendered":"http:\/\/paroquiagloria.org\/v2\/?page_id=96"},"modified":"2016-12-03T15:09:51","modified_gmt":"2016-12-03T15:09:51","slug":"conselho-pastoral","status":"publish","type":"page","link":"http:\/\/paroquiagloria.org\/v2\/?page_id=96","title":{"rendered":"Conselho Pastoral Paroquial"},"content":{"rendered":"<p><a href=\"http:\/\/paroquiagloria.org\/v2\/wp-content\/uploads\/2013\/01\/CPP.jpg\"><img loading=\"lazy\" class=\"size-full wp-image-637 aligncenter\" src=\"http:\/\/paroquiagloria.org\/v2\/wp-content\/uploads\/2013\/01\/CPP.jpg\" alt=\"CPP\" width=\"400\" height=\"274\" srcset=\"http:\/\/paroquiagloria.org\/v2\/wp-content\/uploads\/2013\/01\/CPP.jpg 400w, http:\/\/paroquiagloria.org\/v2\/wp-content\/uploads\/2013\/01\/CPP-300x205.jpg 300w\" sizes=\"(max-width: 400px) 100vw, 400px\" \/><\/a><\/p>\n<p style=\"text-align: justify;\" align=\"LEFT\">O Conselho Pastoral Paroquial \u00e9 um \u00f3rg\u00e3o eclesial, de natureza representativa e consultiva, vocacionado para ajudar a descobrir as melhores respostas pastorais aos problemas e desafios que a Par\u00f3quia enfrenta; tem como finalidade informar, coordenar e animar a vida pastoral da comunidade paroquial, nos diversos organismos, movimentos, obras e sectores humanos.<\/p>\n<p style=\"text-align: right;\" align=\"LEFT\"><em>(Estatutos do Conselho Pastoral Paroquial &#8211; Diocese de Aveiro)<\/em><\/p>\n<p style=\"text-align: left;\" align=\"LEFT\">\n","protected":false},"excerpt":{"rendered":"<p>O Conselho Pastoral Paroquial \u00e9 um \u00f3rg\u00e3o eclesial, de natureza representativa e consultiva, vocacionado para ajudar a descobrir as melhores respostas pastorais aos problemas e desafios que a Par\u00f3quia enfrenta; tem como finalidade informar, coordenar e animar a vida pastoral da comunidade paroquial, nos diversos organismos, movimentos, obras e sectores humanos. (Estatutos do Conselho Pastoral [&hellip;]<\/p>\n","protected":false},"author":1,"featured_media":0,"parent":53,"menu_order":0,"comment_status":"open","ping_status":"closed","template":"","meta":{"ngg_post_thumbnail":0},"_links":{"self":[{"href":"http:\/\/paroquiagloria.org\/v2\/index.php?rest_route=\/wp\/v2\/pages\/96"}],"collection":[{"href":"http:\/\/paroquiagloria.org\/v2\/index.php?rest_route=\/wp\/v2\/pages"}],"about":[{"href":"http:\/\/paroquiagloria.org\/v2\/index.php?rest_route=\/wp\/v2\/types\/page"}],"author":[{"embeddable":true,"href":"http:\/\/paroquiagloria.org\/v2\/index.php?rest_route=\/wp\/v2\/users\/1"}],"replies":[{"embeddable":true,"href":"http:\/\/paroquiagloria.org\/v2\/index.php?rest_route=%2Fwp%2Fv2%2Fcomments&post=96"}],"version-history":[{"count":21,"href":"http:\/\/paroquiagloria.org\/v2\/index.php?rest_route=\/wp\/v2\/pages\/96\/revisions"}],"predecessor-version":[{"id":4962,"href":"http:\/\/paroquiagloria.org\/v2\/index.php?rest_route=\/wp\/v2\/pages\/96\/revisions\/4962"}],"up":[{"embeddable":true,"href":"http:\/\/paroquiagloria.org\/v2\/index.php?rest_route=\/wp\/v2\/pages\/53"}],"wp:attachment":[{"href":"http:\/\/paroquiagloria.org\/v2\/index.php?rest_route=%2Fwp%2Fv2%2Fmedia&parent=96"}],"curies":[{"name":"wp","href":"https:\/\/api.w.org\/{rel}","templated":true}]}}