{"id":76,"date":"2013-01-22T19:40:54","date_gmt":"2013-01-22T19:40:54","guid":{"rendered":"http:\/\/paroquiagloria.org\/v2\/?page_id=76"},"modified":"2026-02-22T16:57:30","modified_gmt":"2026-02-22T16:57:30","slug":"igreja-de-vilar","status":"publish","type":"page","link":"http:\/\/paroquiagloria.org\/v2\/?page_id=76","title":{"rendered":"Vilar"},"content":{"rendered":"<p><a href=\"http:\/\/paroquiagloria.org\/v2\/wp-content\/uploads\/2013\/01\/MJ_anuncioVilar.JPG.jpg\"><img loading=\"lazy\" class=\"size-full wp-image-448 aligncenter\" src=\"http:\/\/paroquiagloria.org\/v2\/wp-content\/uploads\/2013\/01\/MJ_anuncioVilar.JPG.jpg\" alt=\"MJ_anuncioVilar.JPG\" width=\"300\" height=\"400\" srcset=\"http:\/\/paroquiagloria.org\/v2\/wp-content\/uploads\/2013\/01\/MJ_anuncioVilar.JPG.jpg 300w, http:\/\/paroquiagloria.org\/v2\/wp-content\/uploads\/2013\/01\/MJ_anuncioVilar.JPG-225x300.jpg 225w\" sizes=\"(max-width: 300px) 100vw, 300px\" \/><\/a><\/p>\n<p style=\"text-align: justify;\">A Capela&#8230;<\/p>\n<p style=\"text-align: justify;\">A Capela de Santo Amaro de Vilar tamb\u00e9m denominada de Nossa Senhora da Vit\u00f3ria, cr\u00ea-se que j\u00e1 existente no s\u00e9culo XV, mas os elementos em pedra existentes no presbit\u00e9rio assim como as imagens em calc\u00e1rio de Santo Amaro e de Nossa Senhora da Vit\u00f3ria apontem para o s\u00e9culo XVI. Existe refer\u00eancia documental de institui\u00e7\u00e3o de Capela feita por testamento de Cosme Dias em 6 de Outubro de 1577, refor\u00e7ando esta cronologia.<br \/>\nFoi tendo sucessivas reconstru\u00e7\u00f5es, sendo a mais marcante a obra de 1882, com remodela\u00e7\u00e3o da fachada e constru\u00e7\u00e3o de torre sineira, assim como adapta\u00e7\u00e3o de um novo ret\u00e1bulo na capela-mor proveniente do antigo semin\u00e1rio de Requeixo, e aquisi\u00e7\u00e3o de imagens e mobili\u00e1rio de outras demolidas Igrejas, sendo de destacar as imagens em calc\u00e1rio de S\u00e3o Louren\u00e7o, S\u00e3o Tom\u00e1s de Vila Nova do s\u00e9culo XVI e arcaz de sacristia do s\u00e9culo XVIII provenientes da demolida Igreja de S\u00e3o Pedro de Aradas ou os baixos relevos semi-circulares, sanefas e paramentos de finais do s\u00e9culo XVII provindos do demolido Convento da Madre de Deus de S\u00e1 de Aveiro.<\/p>\n<p style=\"text-align: justify;\">A comunidade&#8230;<\/p>\n<p style=\"text-align: justify;\">Em Vilar, a Par\u00f3quia de Nossa Senhora da Gl\u00f3ria celebra e vive a f\u00e9 em Cristo. Na igreja desde lugar, celebra Eucaristia ao domingo, \u00e0s 10h.<\/p>\n<p style=\"text-align: justify;\">A comunidade crist\u00e3 que ali se re\u00fane mant\u00e9m viva a chama da f\u00e9, celebra o seu padroeiro, Santo Amaro, e contempla Nossa Senhora, invocada por ali Senhora da Vit\u00f3ria, como modelo de seguimento de Jesus Cristo.<\/p>\n<p style=\"text-align: justify;\">Tem Comiss\u00e3o da Capela, Comiss\u00e3o de Festas, Agrupamento&nbsp;de Escuteiros e Ac\u00e7\u00e3o Cat\u00f3lica Rural. Tamb\u00e9m ali&nbsp;se situa o Patronato de Nossa Senhora de F\u00e1tima, institui\u00e7\u00e3o particular de solidariedade social da Par\u00f3quia.<\/p>\n<p>&nbsp;<\/p>\n","protected":false},"excerpt":{"rendered":"<p>A Capela&#8230; A Capela de Santo Amaro de Vilar tamb\u00e9m denominada de Nossa Senhora da Vit\u00f3ria, cr\u00ea-se que j\u00e1 existente no s\u00e9culo XV, mas os elementos em pedra existentes no presbit\u00e9rio assim como as imagens em calc\u00e1rio de Santo Amaro e de Nossa Senhora da Vit\u00f3ria apontem para o s\u00e9culo XVI. Existe refer\u00eancia documental de [&hellip;]<\/p>\n","protected":false},"author":1,"featured_media":0,"parent":48,"menu_order":0,"comment_status":"open","ping_status":"closed","template":"","meta":{"ngg_post_thumbnail":0},"_links":{"self":[{"href":"http:\/\/paroquiagloria.org\/v2\/index.php?rest_route=\/wp\/v2\/pages\/76"}],"collection":[{"href":"http:\/\/paroquiagloria.org\/v2\/index.php?rest_route=\/wp\/v2\/pages"}],"about":[{"href":"http:\/\/paroquiagloria.org\/v2\/index.php?rest_route=\/wp\/v2\/types\/page"}],"author":[{"embeddable":true,"href":"http:\/\/paroquiagloria.org\/v2\/index.php?rest_route=\/wp\/v2\/users\/1"}],"replies":[{"embeddable":true,"href":"http:\/\/paroquiagloria.org\/v2\/index.php?rest_route=%2Fwp%2Fv2%2Fcomments&post=76"}],"version-history":[{"count":10,"href":"http:\/\/paroquiagloria.org\/v2\/index.php?rest_route=\/wp\/v2\/pages\/76\/revisions"}],"predecessor-version":[{"id":14530,"href":"http:\/\/paroquiagloria.org\/v2\/index.php?rest_route=\/wp\/v2\/pages\/76\/revisions\/14530"}],"up":[{"embeddable":true,"href":"http:\/\/paroquiagloria.org\/v2\/index.php?rest_route=\/wp\/v2\/pages\/48"}],"wp:attachment":[{"href":"http:\/\/paroquiagloria.org\/v2\/index.php?rest_route=%2Fwp%2Fv2%2Fmedia&parent=76"}],"curies":[{"name":"wp","href":"https:\/\/api.w.org\/{rel}","templated":true}]}}

<p><a href="http://paroquiagloria.org/v2/wp-content/uploads/2013/01/MJ_anuncioVilar.JPG.jpg"><img loading="lazy" class="size-full wp-image-448 aligncenter" src="http://paroquiagloria.org/v2/wp-content/uploads/2013/01/MJ_anuncioVilar.JPG.jpg" alt="MJ_anuncioVilar.JPG" width="300" height="400" srcset="http://paroquiagloria.org/v2/wp-content/uploads/2013/01/MJ_anuncioVilar.JPG.jpg 300w, http://paroquiagloria.org/v2/wp-content/uploads/2013/01/MJ_anuncioVilar.JPG-225x300.jpg 225w" sizes="(max-width: 300px) 100vw, 300px" /></a></p>
<p style="text-align: justify;">A Capela&#8230;</p>
<p style="text-align: justify;">A Capela de Santo Amaro de Vilar também denominada de Nossa Senhora da Vitória, crê-se que já existente no século XV, mas os elementos em pedra existentes no presbitério assim como as imagens em calcário de Santo Amaro e de Nossa Senhora da Vitória apontem para o século XVI. Existe referência documental de instituição de Capela feita por testamento de Cosme Dias em 6 de Outubro de 1577, reforçando esta cronologia.<br />
Foi tendo sucessivas reconstruções, sendo a mais marcante a obra de 1882, com remodelação da fachada e construção de torre sineira, assim como adaptação de um novo retábulo na capela-mor proveniente do antigo seminário de Requeixo, e aquisição de imagens e mobiliário de outras demolidas Igrejas, sendo de destacar as imagens em calcário de São Lourenço, São Tomás de Vila Nova do século XVI e arcaz de sacristia do século XVIII provenientes da demolida Igreja de São Pedro de Aradas ou os baixos relevos semi-circulares, sanefas e paramentos de finais do século XVII provindos do demolido Convento da Madre de Deus de Sá de Aveiro.</p>
<p style="text-align: justify;">A comunidade&#8230;</p>
<p style="text-align: justify;">Em Vilar, a Paróquia de Nossa Senhora da Glória celebra e vive a fé em Cristo. Na igreja desde lugar, celebra Eucaristia ao domingo, às 10h.</p>
<p style="text-align: justify;">A comunidade cristã que ali se reúne mantém viva a chama da fé, celebra o seu padroeiro, Santo Amaro, e contempla Nossa Senhora, invocada por ali Senhora da Vitória, como modelo de seguimento de Jesus Cristo.</p>
<p style="text-align: justify;">Tem Comissão da Capela, Comissão de Festas, Agrupamento&nbsp;de Escuteiros e Acção Católica Rural. Também ali&nbsp;se situa o Patronato de Nossa Senhora de Fátima, instituição particular de solidariedade social da Paróquia.</p>
<p>&nbsp;</p>

<p>A Capela&#8230; A Capela de Santo Amaro de Vilar também denominada de Nossa Senhora da Vitória, crê-se que já existente no século XV, mas os elementos em pedra existentes no presbitério assim como as imagens em calcário de Santo Amaro e de Nossa Senhora da Vitória apontem para o século XVI. Existe referência documental de [&hellip;]</p>
