{"id":546,"date":"2013-02-11T21:55:29","date_gmt":"2013-02-11T21:55:29","guid":{"rendered":"http:\/\/paroquiagloria.org\/v2\/?page_id=546"},"modified":"2013-02-11T21:58:17","modified_gmt":"2013-02-11T21:58:17","slug":"santos-martires","status":"publish","type":"page","link":"http:\/\/paroquiagloria.org\/v2\/?page_id=546","title":{"rendered":"Santos M\u00e1rtires"},"content":{"rendered":"<p><a href=\"http:\/\/paroquiagloria.org\/v2\/wp-content\/uploads\/2013\/02\/alboi.jpg\"><img loading=\"lazy\" class=\"size-full wp-image-549 aligncenter\" alt=\"alboi\" src=\"http:\/\/paroquiagloria.org\/v2\/wp-content\/uploads\/2013\/02\/alboi.jpg\" width=\"573\" height=\"396\" srcset=\"http:\/\/paroquiagloria.org\/v2\/wp-content\/uploads\/2013\/02\/alboi.jpg 573w, http:\/\/paroquiagloria.org\/v2\/wp-content\/uploads\/2013\/02\/alboi-300x207.jpg 300w\" sizes=\"(max-width: 573px) 100vw, 573px\" \/><\/a><\/p>\n<p style=\"text-align: justify;\">\nO edif\u00edcio original da Capela dos Santos M\u00e1rtires\u00a0data do s\u00e9culo XVII, mas foi muito alterado no s\u00e9culo XIX.<br \/>\n\u00c9 uma capela de planta hexagonal, com remate barroco e estrutura simples.<br \/>\nA fachada \u00e9 uma variante do frontisp\u00edcio da\u00a0igreja do Convento de Santo Ant\u00f3nio, tamb\u00e9m em Aveiro.<\/p>\n","protected":false},"excerpt":{"rendered":"<p>O edif\u00edcio original da Capela dos Santos M\u00e1rtires\u00a0data do s\u00e9culo XVII, mas foi muito alterado no s\u00e9culo XIX. \u00c9 uma capela de planta hexagonal, com remate barroco e estrutura simples. A fachada \u00e9 uma variante do frontisp\u00edcio da\u00a0igreja do Convento de Santo Ant\u00f3nio, tamb\u00e9m em Aveiro.<\/p>\n","protected":false},"author":1,"featured_media":0,"parent":48,"menu_order":0,"comment_status":"open","ping_status":"closed","template":"","meta":{"ngg_post_thumbnail":0},"_links":{"self":[{"href":"http:\/\/paroquiagloria.org\/v2\/index.php?rest_route=\/wp\/v2\/pages\/546"}],"collection":[{"href":"http:\/\/paroquiagloria.org\/v2\/index.php?rest_route=\/wp\/v2\/pages"}],"about":[{"href":"http:\/\/paroquiagloria.org\/v2\/index.php?rest_route=\/wp\/v2\/types\/page"}],"author":[{"embeddable":true,"href":"http:\/\/paroquiagloria.org\/v2\/index.php?rest_route=\/wp\/v2\/users\/1"}],"replies":[{"embeddable":true,"href":"http:\/\/paroquiagloria.org\/v2\/index.php?rest_route=%2Fwp%2Fv2%2Fcomments&post=546"}],"version-history":[{"count":3,"href":"http:\/\/paroquiagloria.org\/v2\/index.php?rest_route=\/wp\/v2\/pages\/546\/revisions"}],"predecessor-version":[{"id":548,"href":"http:\/\/paroquiagloria.org\/v2\/index.php?rest_route=\/wp\/v2\/pages\/546\/revisions\/548"}],"up":[{"embeddable":true,"href":"http:\/\/paroquiagloria.org\/v2\/index.php?rest_route=\/wp\/v2\/pages\/48"}],"wp:attachment":[{"href":"http:\/\/paroquiagloria.org\/v2\/index.php?rest_route=%2Fwp%2Fv2%2Fmedia&parent=546"}],"curies":[{"name":"wp","href":"https:\/\/api.w.org\/{rel}","templated":true}]}}

Santos Mártires

<p><a href="http://paroquiagloria.org/v2/wp-content/uploads/2013/02/alboi.jpg"><img loading="lazy" class="size-full wp-image-549 aligncenter" alt="alboi" src="http://paroquiagloria.org/v2/wp-content/uploads/2013/02/alboi.jpg" width="573" height="396" srcset="http://paroquiagloria.org/v2/wp-content/uploads/2013/02/alboi.jpg 573w, http://paroquiagloria.org/v2/wp-content/uploads/2013/02/alboi-300x207.jpg 300w" sizes="(max-width: 573px) 100vw, 573px" /></a></p>
<p style="text-align: justify;">
O edifício original da Capela dos Santos Mártires data do século XVII, mas foi muito alterado no século XIX.<br />
É uma capela de planta hexagonal, com remate barroco e estrutura simples.<br />
A fachada é uma variante do frontispício da igreja do Convento de Santo António, também em Aveiro.</p>

<p>O edifício original da Capela dos Santos Mártires data do século XVII, mas foi muito alterado no século XIX. É uma capela de planta hexagonal, com remate barroco e estrutura simples. A fachada é uma variante do frontispício da igreja do Convento de Santo António, também em Aveiro.</p>
