{"id":199,"date":"2013-02-05T12:25:29","date_gmt":"2013-02-05T12:25:29","guid":{"rendered":"http:\/\/paroquiagloria.org\/v2\/?page_id=199"},"modified":"2013-02-18T18:21:53","modified_gmt":"2013-02-18T18:21:53","slug":"patronato-nossa-senhora-de-fatima-vilar","status":"publish","type":"page","link":"http:\/\/paroquiagloria.org\/v2\/?page_id=199","title":{"rendered":"Patronato Nossa Senhora de F\u00e1tima &#8211; Vilar"},"content":{"rendered":"<p><a href=\"http:\/\/paroquiagloria.org\/v2\/wp-content\/uploads\/2013\/02\/image3.jpg\"><img loading=\"lazy\" class=\"size-full wp-image-883 aligncenter\" alt=\"image\" src=\"http:\/\/paroquiagloria.org\/v2\/wp-content\/uploads\/2013\/02\/image3.jpg\" width=\"480\" height=\"144\" srcset=\"http:\/\/paroquiagloria.org\/v2\/wp-content\/uploads\/2013\/02\/image3.jpg 480w, http:\/\/paroquiagloria.org\/v2\/wp-content\/uploads\/2013\/02\/image3-300x90.jpg 300w\" sizes=\"(max-width: 480px) 100vw, 480px\" \/><\/a><\/p>\n<p style=\"text-align: justify;\">O Patronato de Nossa Senhora de F\u00e1tima, em Vilar, surgiu no ano de 1956, fruto da vontade do Padre Ant\u00f3nio Dias de Almeida responder a uma necessidade social: acolher as crian\u00e7as que ent\u00e3o passavam o seu tempo na rua, enquanto os pais trabalhavam.<br \/>\nA 18 de Junho de 1976, o Patronato de Nossa Senhora de F\u00e1tima &#8211; Vilar, foi reconhecido canonicamente como Institui\u00e7\u00e3o Particular de Solidariedade Social, da Par\u00f3quia de Nossa Senhora da Gl\u00f3ria, em Aveiro.<br \/>\nActualmente acolhe 200 crian\u00e7as e 40 idosos, emprega 55 funcion\u00e1rios nas val\u00eancias de Creche, Jardim de Inf\u00e2ncia, Centro de Dia e Lar de Idosos.<br \/>\nA Institui\u00e7\u00e3o caracteriza-se por ser uma \u201cinfra-estrutura \u00e2ncora de toda a comunidade envolvente e reconhecida como sendo um equipamento social de grande implementa\u00e7\u00e3o local e elevado interesse Municipal\u201d.<\/p>\n<p><em>\u00a0Telefone:<\/em> 234 340 290<\/p>\n<p><a href=\"http:\/\/www.patronato-vilar.org\/\" target=\"_blank\">site<\/a><\/p>\n","protected":false},"excerpt":{"rendered":"<p>O Patronato de Nossa Senhora de F\u00e1tima, em Vilar, surgiu no ano de 1956, fruto da vontade do Padre Ant\u00f3nio Dias de Almeida responder a uma necessidade social: acolher as crian\u00e7as que ent\u00e3o passavam o seu tempo na rua, enquanto os pais trabalhavam. A 18 de Junho de 1976, o Patronato de Nossa Senhora de [&hellip;]<\/p>\n","protected":false},"author":1,"featured_media":0,"parent":109,"menu_order":0,"comment_status":"open","ping_status":"closed","template":"","meta":{"ngg_post_thumbnail":0},"_links":{"self":[{"href":"http:\/\/paroquiagloria.org\/v2\/index.php?rest_route=\/wp\/v2\/pages\/199"}],"collection":[{"href":"http:\/\/paroquiagloria.org\/v2\/index.php?rest_route=\/wp\/v2\/pages"}],"about":[{"href":"http:\/\/paroquiagloria.org\/v2\/index.php?rest_route=\/wp\/v2\/types\/page"}],"author":[{"embeddable":true,"href":"http:\/\/paroquiagloria.org\/v2\/index.php?rest_route=\/wp\/v2\/users\/1"}],"replies":[{"embeddable":true,"href":"http:\/\/paroquiagloria.org\/v2\/index.php?rest_route=%2Fwp%2Fv2%2Fcomments&post=199"}],"version-history":[{"count":6,"href":"http:\/\/paroquiagloria.org\/v2\/index.php?rest_route=\/wp\/v2\/pages\/199\/revisions"}],"predecessor-version":[{"id":884,"href":"http:\/\/paroquiagloria.org\/v2\/index.php?rest_route=\/wp\/v2\/pages\/199\/revisions\/884"}],"up":[{"embeddable":true,"href":"http:\/\/paroquiagloria.org\/v2\/index.php?rest_route=\/wp\/v2\/pages\/109"}],"wp:attachment":[{"href":"http:\/\/paroquiagloria.org\/v2\/index.php?rest_route=%2Fwp%2Fv2%2Fmedia&parent=199"}],"curies":[{"name":"wp","href":"https:\/\/api.w.org\/{rel}","templated":true}]}}

Patronato Nossa Senhora de Fátima &#8211; Vilar

<p><a href="http://paroquiagloria.org/v2/wp-content/uploads/2013/02/image3.jpg"><img loading="lazy" class="size-full wp-image-883 aligncenter" alt="image" src="http://paroquiagloria.org/v2/wp-content/uploads/2013/02/image3.jpg" width="480" height="144" srcset="http://paroquiagloria.org/v2/wp-content/uploads/2013/02/image3.jpg 480w, http://paroquiagloria.org/v2/wp-content/uploads/2013/02/image3-300x90.jpg 300w" sizes="(max-width: 480px) 100vw, 480px" /></a></p>
<p style="text-align: justify;">O Patronato de Nossa Senhora de Fátima, em Vilar, surgiu no ano de 1956, fruto da vontade do Padre António Dias de Almeida responder a uma necessidade social: acolher as crianças que então passavam o seu tempo na rua, enquanto os pais trabalhavam.<br />
A 18 de Junho de 1976, o Patronato de Nossa Senhora de Fátima &#8211; Vilar, foi reconhecido canonicamente como Instituição Particular de Solidariedade Social, da Paróquia de Nossa Senhora da Glória, em Aveiro.<br />
Actualmente acolhe 200 crianças e 40 idosos, emprega 55 funcionários nas valências de Creche, Jardim de Infância, Centro de Dia e Lar de Idosos.<br />
A Instituição caracteriza-se por ser uma “infra-estrutura âncora de toda a comunidade envolvente e reconhecida como sendo um equipamento social de grande implementação local e elevado interesse Municipal”.</p>
<p><em> Telefone:</em> 234 340 290</p>
<p><a href="http://www.patronato-vilar.org/" target="_blank">site</a></p>

<p>O Patronato de Nossa Senhora de Fátima, em Vilar, surgiu no ano de 1956, fruto da vontade do Padre António Dias de Almeida responder a uma necessidade social: acolher as crianças que então passavam o seu tempo na rua, enquanto os pais trabalhavam. A 18 de Junho de 1976, o Patronato de Nossa Senhora de [&hellip;]</p>
