{"id":192,"date":"2013-02-05T12:22:28","date_gmt":"2013-02-05T12:22:28","guid":{"rendered":"http:\/\/paroquiagloria.org\/v2\/?page_id=192"},"modified":"2013-11-29T21:33:22","modified_gmt":"2013-11-29T21:33:22","slug":"conferencia-vicentina","status":"publish","type":"page","link":"http:\/\/paroquiagloria.org\/v2\/?page_id=192","title":{"rendered":"Confer\u00eancia Vicentina"},"content":{"rendered":"<p style=\"text-align: center;\"><a href=\"http:\/\/paroquiagloria.org\/v2\/wp-content\/uploads\/2013\/02\/S\u00e3o-Vicente-de-Paulo.jpg\"><img loading=\"lazy\" class=\"alignnone size-full wp-image-562\" alt=\"S\u00e3o Vicente de Paulo\" src=\"http:\/\/paroquiagloria.org\/v2\/wp-content\/uploads\/2013\/02\/S\u00e3o-Vicente-de-Paulo.jpg\" width=\"277\" height=\"400\" srcset=\"http:\/\/paroquiagloria.org\/v2\/wp-content\/uploads\/2013\/02\/S\u00e3o-Vicente-de-Paulo.jpg 277w, http:\/\/paroquiagloria.org\/v2\/wp-content\/uploads\/2013\/02\/S\u00e3o-Vicente-de-Paulo-207x300.jpg 207w\" sizes=\"(max-width: 277px) 100vw, 277px\" \/><\/a><\/p>\n<p style=\"text-align: justify;\">Na Par\u00f3quia de Nossa Senhora da Gl\u00f3ria existem duas Confer\u00eancias Vicentinas.<br \/>\nA Confer\u00eancia Vicentina de S. Francisco de Assis \u00e9 constitu\u00edda por oito volunt\u00e1rias presididas por Maria do Amparo Soares. Maria Am\u00e9lia Nunes \u00e9 a vice-presidente, Maria Branca Matos \u00e9 secret\u00e1ria e Maria Helena Semedo a tesoureira.<br \/>\nRe\u00fane semanalmente e atende \u00e0s segundas-feiras \u00e0 tarde.<br \/>\nApoia cerca de 50 fam\u00edlias em visitas domicili\u00e1rias para levar o que precisam ou para, simplesmente, manifestar proximidade e companhia.<\/p>\n<p style=\"text-align: justify;\">Em Vilar, existe a Confer\u00eancia Vicentina de Nossa Senhora da Vit\u00f3ria que foi fundada em 1956 pelo P. Ant\u00f3nio Dias de Almeida, ent\u00e3o capel\u00e3o.<br \/>\nAo longo dos anos, a Confer\u00eancia foi ajudando pessoas e fam\u00edlias carenciadas quer em car\u00e1cter de perman\u00eancia quer esporadicamente.<br \/>\nPraticado o esp\u00edrito vicentino, \u00e9 composta actualmente por nove confrades e presta apoio a 17 fam\u00edlias residentes em Vilar.<br \/>\nRe\u00fane mensalmente \u00e0s quintas-feiras.<\/p>\n","protected":false},"excerpt":{"rendered":"<p>Na Par\u00f3quia de Nossa Senhora da Gl\u00f3ria existem duas Confer\u00eancias Vicentinas. A Confer\u00eancia Vicentina de S. Francisco de Assis \u00e9 constitu\u00edda por oito volunt\u00e1rias presididas por Maria do Amparo Soares. Maria Am\u00e9lia Nunes \u00e9 a vice-presidente, Maria Branca Matos \u00e9 secret\u00e1ria e Maria Helena Semedo a tesoureira. Re\u00fane semanalmente e atende \u00e0s segundas-feiras \u00e0 tarde. [&hellip;]<\/p>\n","protected":false},"author":1,"featured_media":0,"parent":109,"menu_order":0,"comment_status":"open","ping_status":"closed","template":"","meta":{"ngg_post_thumbnail":0},"_links":{"self":[{"href":"http:\/\/paroquiagloria.org\/v2\/index.php?rest_route=\/wp\/v2\/pages\/192"}],"collection":[{"href":"http:\/\/paroquiagloria.org\/v2\/index.php?rest_route=\/wp\/v2\/pages"}],"about":[{"href":"http:\/\/paroquiagloria.org\/v2\/index.php?rest_route=\/wp\/v2\/types\/page"}],"author":[{"embeddable":true,"href":"http:\/\/paroquiagloria.org\/v2\/index.php?rest_route=\/wp\/v2\/users\/1"}],"replies":[{"embeddable":true,"href":"http:\/\/paroquiagloria.org\/v2\/index.php?rest_route=%2Fwp%2Fv2%2Fcomments&post=192"}],"version-history":[{"count":9,"href":"http:\/\/paroquiagloria.org\/v2\/index.php?rest_route=\/wp\/v2\/pages\/192\/revisions"}],"predecessor-version":[{"id":1746,"href":"http:\/\/paroquiagloria.org\/v2\/index.php?rest_route=\/wp\/v2\/pages\/192\/revisions\/1746"}],"up":[{"embeddable":true,"href":"http:\/\/paroquiagloria.org\/v2\/index.php?rest_route=\/wp\/v2\/pages\/109"}],"wp:attachment":[{"href":"http:\/\/paroquiagloria.org\/v2\/index.php?rest_route=%2Fwp%2Fv2%2Fmedia&parent=192"}],"curies":[{"name":"wp","href":"https:\/\/api.w.org\/{rel}","templated":true}]}}

Conferência Vicentina

<p style="text-align: center;"><a href="http://paroquiagloria.org/v2/wp-content/uploads/2013/02/São-Vicente-de-Paulo.jpg"><img loading="lazy" class="alignnone size-full wp-image-562" alt="São Vicente de Paulo" src="http://paroquiagloria.org/v2/wp-content/uploads/2013/02/São-Vicente-de-Paulo.jpg" width="277" height="400" srcset="http://paroquiagloria.org/v2/wp-content/uploads/2013/02/São-Vicente-de-Paulo.jpg 277w, http://paroquiagloria.org/v2/wp-content/uploads/2013/02/São-Vicente-de-Paulo-207x300.jpg 207w" sizes="(max-width: 277px) 100vw, 277px" /></a></p>
<p style="text-align: justify;">Na Paróquia de Nossa Senhora da Glória existem duas Conferências Vicentinas.<br />
A Conferência Vicentina de S. Francisco de Assis é constituída por oito voluntárias presididas por Maria do Amparo Soares. Maria Amélia Nunes é a vice-presidente, Maria Branca Matos é secretária e Maria Helena Semedo a tesoureira.<br />
Reúne semanalmente e atende às segundas-feiras à tarde.<br />
Apoia cerca de 50 famílias em visitas domiciliárias para levar o que precisam ou para, simplesmente, manifestar proximidade e companhia.</p>
<p style="text-align: justify;">Em Vilar, existe a Conferência Vicentina de Nossa Senhora da Vitória que foi fundada em 1956 pelo P. António Dias de Almeida, então capelão.<br />
Ao longo dos anos, a Conferência foi ajudando pessoas e famílias carenciadas quer em carácter de permanência quer esporadicamente.<br />
Praticado o espírito vicentino, é composta actualmente por nove confrades e presta apoio a 17 famílias residentes em Vilar.<br />
Reúne mensalmente às quintas-feiras.</p>

<p>Na Paróquia de Nossa Senhora da Glória existem duas Conferências Vicentinas. A Conferência Vicentina de S. Francisco de Assis é constituída por oito voluntárias presididas por Maria do Amparo Soares. Maria Amélia Nunes é a vice-presidente, Maria Branca Matos é secretária e Maria Helena Semedo a tesoureira. Reúne semanalmente e atende às segundas-feiras à tarde. [&hellip;]</p>
