{"id":176,"date":"2013-02-05T12:06:21","date_gmt":"2013-02-05T12:06:21","guid":{"rendered":"http:\/\/paroquiagloria.org\/v2\/?page_id=176"},"modified":"2013-10-29T23:18:40","modified_gmt":"2013-10-29T23:18:40","slug":"accao-catolica-rural-acr","status":"publish","type":"page","link":"http:\/\/paroquiagloria.org\/v2\/?page_id=176","title":{"rendered":"Ac\u00e7\u00e3o Cat\u00f3lica Rural"},"content":{"rendered":"<p style=\"text-align: justify;\"><a href=\"http:\/\/paroquiagloria.org\/v2\/wp-content\/uploads\/2013\/02\/acr.jpg\"><img loading=\"lazy\" class=\"size-full wp-image-709 aligncenter\" alt=\"acr\" src=\"http:\/\/paroquiagloria.org\/v2\/wp-content\/uploads\/2013\/02\/acr.jpg\" width=\"560\" height=\"200\" srcset=\"http:\/\/paroquiagloria.org\/v2\/wp-content\/uploads\/2013\/02\/acr.jpg 560w, http:\/\/paroquiagloria.org\/v2\/wp-content\/uploads\/2013\/02\/acr-300x107.jpg 300w\" sizes=\"(max-width: 560px) 100vw, 560px\" \/><\/a><\/p>\n<div><\/div>\n<div><strong>Respons\u00e1vel:<\/strong><em>\u00a0<\/em>Fernando Cardoso<\/div>\n<div><\/div>\n<div><\/div>\n<div>A Ac\u00e7\u00e3o Cat\u00f3lica Rural (ACR) \u00e9 um movimento laical evangelizador que utiliza a revis\u00e3o de vida &#8211; ver, julgar e agir &#8211; como metodologia. Tem, actualmente, 14 militantes que re\u00fanem nas primeiras ter\u00e7as-feiras de cada m\u00eas, \u00e0s 21h30, na cave da Igreja de Vilar.<\/div>\n","protected":false},"excerpt":{"rendered":"<p>Respons\u00e1vel:\u00a0Fernando Cardoso A Ac\u00e7\u00e3o Cat\u00f3lica Rural (ACR) \u00e9 um movimento laical evangelizador que utiliza a revis\u00e3o de vida &#8211; ver, julgar e agir &#8211; como metodologia. Tem, actualmente, 14 militantes que re\u00fanem nas primeiras ter\u00e7as-feiras de cada m\u00eas, \u00e0s 21h30, na cave da Igreja de Vilar.<\/p>\n","protected":false},"author":1,"featured_media":0,"parent":107,"menu_order":0,"comment_status":"open","ping_status":"closed","template":"","meta":{"ngg_post_thumbnail":0},"_links":{"self":[{"href":"http:\/\/paroquiagloria.org\/v2\/index.php?rest_route=\/wp\/v2\/pages\/176"}],"collection":[{"href":"http:\/\/paroquiagloria.org\/v2\/index.php?rest_route=\/wp\/v2\/pages"}],"about":[{"href":"http:\/\/paroquiagloria.org\/v2\/index.php?rest_route=\/wp\/v2\/types\/page"}],"author":[{"embeddable":true,"href":"http:\/\/paroquiagloria.org\/v2\/index.php?rest_route=\/wp\/v2\/users\/1"}],"replies":[{"embeddable":true,"href":"http:\/\/paroquiagloria.org\/v2\/index.php?rest_route=%2Fwp%2Fv2%2Fcomments&post=176"}],"version-history":[{"count":6,"href":"http:\/\/paroquiagloria.org\/v2\/index.php?rest_route=\/wp\/v2\/pages\/176\/revisions"}],"predecessor-version":[{"id":1635,"href":"http:\/\/paroquiagloria.org\/v2\/index.php?rest_route=\/wp\/v2\/pages\/176\/revisions\/1635"}],"up":[{"embeddable":true,"href":"http:\/\/paroquiagloria.org\/v2\/index.php?rest_route=\/wp\/v2\/pages\/107"}],"wp:attachment":[{"href":"http:\/\/paroquiagloria.org\/v2\/index.php?rest_route=%2Fwp%2Fv2%2Fmedia&parent=176"}],"curies":[{"name":"wp","href":"https:\/\/api.w.org\/{rel}","templated":true}]}}

Acção Católica Rural

<p style="text-align: justify;"><a href="http://paroquiagloria.org/v2/wp-content/uploads/2013/02/acr.jpg"><img loading="lazy" class="size-full wp-image-709 aligncenter" alt="acr" src="http://paroquiagloria.org/v2/wp-content/uploads/2013/02/acr.jpg" width="560" height="200" srcset="http://paroquiagloria.org/v2/wp-content/uploads/2013/02/acr.jpg 560w, http://paroquiagloria.org/v2/wp-content/uploads/2013/02/acr-300x107.jpg 300w" sizes="(max-width: 560px) 100vw, 560px" /></a></p>
<div></div>
<div><strong>Responsável:</strong><em> </em>Fernando Cardoso</div>
<div></div>
<div></div>
<div>A Acção Católica Rural (ACR) é um movimento laical evangelizador que utiliza a revisão de vida &#8211; ver, julgar e agir &#8211; como metodologia. Tem, actualmente, 14 militantes que reúnem nas primeiras terças-feiras de cada mês, às 21h30, na cave da Igreja de Vilar.</div>

<p>Responsável: Fernando Cardoso A Acção Católica Rural (ACR) é um movimento laical evangelizador que utiliza a revisão de vida &#8211; ver, julgar e agir &#8211; como metodologia. Tem, actualmente, 14 militantes que reúnem nas primeiras terças-feiras de cada mês, às 21h30, na cave da Igreja de Vilar.</p>
