{"id":163,"date":"2013-02-05T11:56:16","date_gmt":"2013-02-05T11:56:16","guid":{"rendered":"http:\/\/paroquiagloria.org\/v2\/?page_id=163"},"modified":"2025-09-21T16:12:25","modified_gmt":"2025-09-21T16:12:25","slug":"jovens-10o-e-11o-ano","status":"publish","type":"page","link":"http:\/\/paroquiagloria.org\/v2\/?page_id=163","title":{"rendered":"Jovens (Pastoral Juvenil)"},"content":{"rendered":"<h4 style=\"text-align: right;\"><strong>Hor\u00e1rios das catequeses (2025-2026)<\/strong><\/h4>\n<div>\n<div class=\"yj6qo ajU\">\n<div id=\":1e2\" class=\"ajR\" tabindex=\"0\" data-tooltip=\"Mostrar conte\u00fado cortado\">\n<p><img loading=\"lazy\" class=\"size-full wp-image-567 alignright\" src=\"http:\/\/paroquiagloria.org\/v2\/wp-content\/uploads\/2013\/02\/7917132_VfmsF.jpeg\" alt=\"7917132_VfmsF\" width=\"194\" height=\"260\"><\/p>\n<h3><span style=\"color: #ff0000;\"><strong>CATEQUESE INICIA A <span style=\"text-decoration: underline;\">5 de Outubro de 2025<\/span><\/strong><\/span><\/h3>\n<p>&nbsp;<\/p>\n<p><strong>9.\u00ba ano<\/strong><\/p>\n<p>Local: centro paroquial<\/p>\n<p>Dia \/ Hora: segunda-feira- 18h30-19h30<\/p>\n<p><img class=\"ajT\" src=\"https:\/\/ssl.gstatic.com\/ui\/v1\/icons\/mail\/images\/cleardot.gif\" alt=\"\">Dia \/ Hora: quarta-feira- 18h30-19h30<\/p>\n<p>&nbsp;<\/p>\n<\/div>\n<div class=\"ajR\" tabindex=\"0\" data-tooltip=\"Mostrar conte\u00fado cortado\">\n<p><strong>10.\u00ba ano<\/strong><\/p>\n<p>Local: centro paroquial<\/p>\n<p>Dia \/ Hora: quinta-feira- 18h30-19h30<\/p>\n<\/div>\n<\/div>\n<\/div>\n<p>&nbsp;<\/p>\n<p style=\"text-align: left;\"><em>Depois do 10.\u00ba ano, inicia-se&nbsp;uma caminhada, com um m\u00ednimo de dois anos, que poder\u00e1 levar \u00e0 celebra\u00e7\u00e3o do Sacramento da Confirma\u00e7\u00e3o, sendo necess\u00e1rio, para isso, que o jovem manifeste estar preparado e fa\u00e7a o pedido, que deve ser confirmado pelos restantes elementos do grupo, pelos animadores e pelo p\u00e1roco.<\/em><\/p>\n<p>&nbsp;<\/p>\n<p><strong>Grupo de Jovens 11.\u00ba ano<\/strong><\/p>\n<p>Local: centro paroquial<\/p>\n<p>Dia \/ Hora: ter\u00e7a-feira &#8211; 18h30-19h30<\/p>\n<p>&nbsp;<\/p>\n","protected":false},"excerpt":{"rendered":"<p>Hor\u00e1rios das catequeses (2025-2026) CATEQUESE INICIA A 5 de Outubro de 2025 &nbsp; 9.\u00ba ano Local: centro paroquial Dia \/ Hora: segunda-feira- 18h30-19h30 Dia \/ Hora: quarta-feira- 18h30-19h30 &nbsp; 10.\u00ba ano Local: centro paroquial Dia \/ Hora: quinta-feira- 18h30-19h30 &nbsp; Depois do 10.\u00ba ano, inicia-se&nbsp;uma caminhada, com um m\u00ednimo de dois anos, que poder\u00e1 levar [&hellip;]<\/p>\n","protected":false},"author":1,"featured_media":0,"parent":104,"menu_order":0,"comment_status":"open","ping_status":"closed","template":"","meta":{"ngg_post_thumbnail":0},"_links":{"self":[{"href":"http:\/\/paroquiagloria.org\/v2\/index.php?rest_route=\/wp\/v2\/pages\/163"}],"collection":[{"href":"http:\/\/paroquiagloria.org\/v2\/index.php?rest_route=\/wp\/v2\/pages"}],"about":[{"href":"http:\/\/paroquiagloria.org\/v2\/index.php?rest_route=\/wp\/v2\/types\/page"}],"author":[{"embeddable":true,"href":"http:\/\/paroquiagloria.org\/v2\/index.php?rest_route=\/wp\/v2\/users\/1"}],"replies":[{"embeddable":true,"href":"http:\/\/paroquiagloria.org\/v2\/index.php?rest_route=%2Fwp%2Fv2%2Fcomments&post=163"}],"version-history":[{"count":20,"href":"http:\/\/paroquiagloria.org\/v2\/index.php?rest_route=\/wp\/v2\/pages\/163\/revisions"}],"predecessor-version":[{"id":13956,"href":"http:\/\/paroquiagloria.org\/v2\/index.php?rest_route=\/wp\/v2\/pages\/163\/revisions\/13956"}],"up":[{"embeddable":true,"href":"http:\/\/paroquiagloria.org\/v2\/index.php?rest_route=\/wp\/v2\/pages\/104"}],"wp:attachment":[{"href":"http:\/\/paroquiagloria.org\/v2\/index.php?rest_route=%2Fwp%2Fv2%2Fmedia&parent=163"}],"curies":[{"name":"wp","href":"https:\/\/api.w.org\/{rel}","templated":true}]}}

<h4 style="text-align: right;"><strong>Horários das catequeses (2025-2026)</strong></h4>
<div>
<div class="yj6qo ajU">
<div id=":1e2" class="ajR" tabindex="0" data-tooltip="Mostrar conteúdo cortado">
<p><img loading="lazy" class="size-full wp-image-567 alignright" src="http://paroquiagloria.org/v2/wp-content/uploads/2013/02/7917132_VfmsF.jpeg" alt="7917132_VfmsF" width="194" height="260"></p>
<h3><span style="color: #ff0000;"><strong>CATEQUESE INICIA A <span style="text-decoration: underline;">5 de Outubro de 2025</span></strong></span></h3>
<p>&nbsp;</p>
<p><strong>9.º ano</strong></p>
<p>Local: centro paroquial</p>
<p>Dia / Hora: segunda-feira- 18h30-19h30</p>
<p><img class="ajT" src="https://ssl.gstatic.com/ui/v1/icons/mail/images/cleardot.gif" alt="">Dia / Hora: quarta-feira- 18h30-19h30</p>
<p>&nbsp;</p>
</div>
<div class="ajR" tabindex="0" data-tooltip="Mostrar conteúdo cortado">
<p><strong>10.º ano</strong></p>
<p>Local: centro paroquial</p>
<p>Dia / Hora: quinta-feira- 18h30-19h30</p>
</div>
</div>
</div>
<p>&nbsp;</p>
<p style="text-align: left;"><em>Depois do 10.º ano, inicia-se&nbsp;uma caminhada, com um mínimo de dois anos, que poderá levar à celebração do Sacramento da Confirmação, sendo necessário, para isso, que o jovem manifeste estar preparado e faça o pedido, que deve ser confirmado pelos restantes elementos do grupo, pelos animadores e pelo pároco.</em></p>
<p>&nbsp;</p>
<p><strong>Grupo de Jovens 11.º ano</strong></p>
<p>Local: centro paroquial</p>
<p>Dia / Hora: terça-feira &#8211; 18h30-19h30</p>
<p>&nbsp;</p>

<p>Horários das catequeses (2025-2026) CATEQUESE INICIA A 5 de Outubro de 2025 &nbsp; 9.º ano Local: centro paroquial Dia / Hora: segunda-feira- 18h30-19h30 Dia / Hora: quarta-feira- 18h30-19h30 &nbsp; 10.º ano Local: centro paroquial Dia / Hora: quinta-feira- 18h30-19h30 &nbsp; Depois do 10.º ano, inicia-se&nbsp;uma caminhada, com um mínimo de dois anos, que poderá levar [&hellip;]</p>
