{"id":141,"date":"2013-02-05T11:32:27","date_gmt":"2013-02-05T11:32:27","guid":{"rendered":"http:\/\/paroquiagloria.org\/v2\/?page_id=141"},"modified":"2013-11-29T21:59:25","modified_gmt":"2013-11-29T21:59:25","slug":"acolitos","status":"publish","type":"page","link":"http:\/\/paroquiagloria.org\/v2\/?page_id=141","title":{"rendered":"Ac\u00f3litos"},"content":{"rendered":"<p style=\"text-align: justify;\"><a href=\"http:\/\/paroquiagloria.org\/v2\/wp-content\/uploads\/2013\/02\/image15.jpg\"><img loading=\"lazy\" class=\"alignnone size-medium wp-image-1747\" alt=\"image\" src=\"http:\/\/paroquiagloria.org\/v2\/wp-content\/uploads\/2013\/02\/image15-300x200.jpg\" width=\"300\" height=\"200\" srcset=\"http:\/\/paroquiagloria.org\/v2\/wp-content\/uploads\/2013\/02\/image15-300x200.jpg 300w, http:\/\/paroquiagloria.org\/v2\/wp-content\/uploads\/2013\/02\/image15.jpg 720w\" sizes=\"(max-width: 300px) 100vw, 300px\" \/><\/a><\/p>\n<p style=\"text-align: justify;\"><strong>Respons\u00e1vel:<\/strong> Ricardo Vara Cavaleiro<\/p>\n<p style=\"text-align: justify;\">&#8220;Os ac\u00f3litos desempenham um aut\u00eantico minist\u00e9rio lit\u00fargico. Exer\u00e7am, portanto, o seu of\u00edcio com a sincera piedade e a ordem que conv\u00e9m a t\u00e3o grande minist\u00e9rio e lhes exige, com raz\u00e3o, o povo de Deus. Com esse fim, \u00e9 preciso que cada um \u00e0 sua maneira esteja profundamente penetrado do esp\u00edrito da liturgia e que seja instru\u00eddo para cumprir a sua fun\u00e7\u00e3o devida e ordenadamente\u201d.\u00a0(Conc\u00edlio Vaticano II, <i>Sacrosantum Concilium<\/i>, n. 29)<\/p>\n<p style=\"text-align: justify;\">O <a href=\"http:\/\/www.facebook.com\/groups\/454307317928549\/\" target=\"_blank\">grupo de ac\u00f3litos da Par\u00f3quia de Nossa Senhora da Gl\u00f3ria<\/a> \u00e9, neste momento, constitu\u00eddo por 26\u00a0 jovens com idades compreendidas entre os 8 e os 38 anos que, inspirados em S. Tarc\u00edsio servem, com dedica\u00e7\u00e3o, fervor e alegria a Jesus-Eucaristia.<\/p>\n","protected":false},"excerpt":{"rendered":"<p>Respons\u00e1vel: Ricardo Vara Cavaleiro &#8220;Os ac\u00f3litos desempenham um aut\u00eantico minist\u00e9rio lit\u00fargico. Exer\u00e7am, portanto, o seu of\u00edcio com a sincera piedade e a ordem que conv\u00e9m a t\u00e3o grande minist\u00e9rio e lhes exige, com raz\u00e3o, o povo de Deus. Com esse fim, \u00e9 preciso que cada um \u00e0 sua maneira esteja profundamente penetrado do esp\u00edrito da [&hellip;]<\/p>\n","protected":false},"author":1,"featured_media":0,"parent":101,"menu_order":0,"comment_status":"open","ping_status":"closed","template":"","meta":{"ngg_post_thumbnail":0},"_links":{"self":[{"href":"http:\/\/paroquiagloria.org\/v2\/index.php?rest_route=\/wp\/v2\/pages\/141"}],"collection":[{"href":"http:\/\/paroquiagloria.org\/v2\/index.php?rest_route=\/wp\/v2\/pages"}],"about":[{"href":"http:\/\/paroquiagloria.org\/v2\/index.php?rest_route=\/wp\/v2\/types\/page"}],"author":[{"embeddable":true,"href":"http:\/\/paroquiagloria.org\/v2\/index.php?rest_route=\/wp\/v2\/users\/1"}],"replies":[{"embeddable":true,"href":"http:\/\/paroquiagloria.org\/v2\/index.php?rest_route=%2Fwp%2Fv2%2Fcomments&post=141"}],"version-history":[{"count":9,"href":"http:\/\/paroquiagloria.org\/v2\/index.php?rest_route=\/wp\/v2\/pages\/141\/revisions"}],"predecessor-version":[{"id":1749,"href":"http:\/\/paroquiagloria.org\/v2\/index.php?rest_route=\/wp\/v2\/pages\/141\/revisions\/1749"}],"up":[{"embeddable":true,"href":"http:\/\/paroquiagloria.org\/v2\/index.php?rest_route=\/wp\/v2\/pages\/101"}],"wp:attachment":[{"href":"http:\/\/paroquiagloria.org\/v2\/index.php?rest_route=%2Fwp%2Fv2%2Fmedia&parent=141"}],"curies":[{"name":"wp","href":"https:\/\/api.w.org\/{rel}","templated":true}]}}

Acólitos

<p style="text-align: justify;"><a href="http://paroquiagloria.org/v2/wp-content/uploads/2013/02/image15.jpg"><img loading="lazy" class="alignnone size-medium wp-image-1747" alt="image" src="http://paroquiagloria.org/v2/wp-content/uploads/2013/02/image15-300x200.jpg" width="300" height="200" srcset="http://paroquiagloria.org/v2/wp-content/uploads/2013/02/image15-300x200.jpg 300w, http://paroquiagloria.org/v2/wp-content/uploads/2013/02/image15.jpg 720w" sizes="(max-width: 300px) 100vw, 300px" /></a></p>
<p style="text-align: justify;"><strong>Responsável:</strong> Ricardo Vara Cavaleiro</p>
<p style="text-align: justify;">&#8220;Os acólitos desempenham um autêntico ministério litúrgico. Exerçam, portanto, o seu ofício com a sincera piedade e a ordem que convém a tão grande ministério e lhes exige, com razão, o povo de Deus. Com esse fim, é preciso que cada um à sua maneira esteja profundamente penetrado do espírito da liturgia e que seja instruído para cumprir a sua função devida e ordenadamente”. (Concílio Vaticano II, <i>Sacrosantum Concilium</i>, n. 29)</p>
<p style="text-align: justify;">O <a href="http://www.facebook.com/groups/454307317928549/" target="_blank">grupo de acólitos da Paróquia de Nossa Senhora da Glória</a> é, neste momento, constituído por 26  jovens com idades compreendidas entre os 8 e os 38 anos que, inspirados em S. Tarcísio servem, com dedicação, fervor e alegria a Jesus-Eucaristia.</p>

<p>Responsável: Ricardo Vara Cavaleiro &#8220;Os acólitos desempenham um autêntico ministério litúrgico. Exerçam, portanto, o seu ofício com a sincera piedade e a ordem que convém a tão grande ministério e lhes exige, com razão, o povo de Deus. Com esse fim, é preciso que cada um à sua maneira esteja profundamente penetrado do espírito da [&hellip;]</p>
