{"id":101,"date":"2013-01-22T19:56:47","date_gmt":"2013-01-22T19:56:47","guid":{"rendered":"http:\/\/paroquiagloria.org\/v2\/?page_id=101"},"modified":"2015-01-23T02:35:36","modified_gmt":"2015-01-23T02:35:36","slug":"liturgia","status":"publish","type":"page","link":"http:\/\/paroquiagloria.org\/v2\/?page_id=101","title":{"rendered":"Liturgia"},"content":{"rendered":"<p><a href=\"http:\/\/paroquiagloria.org\/v2\/wp-content\/uploads\/2013\/01\/rembrandt-_emaus.jpg\"><img loading=\"lazy\" class=\"alignnone size-large wp-image-414\" src=\"http:\/\/paroquiagloria.org\/v2\/wp-content\/uploads\/2013\/01\/rembrandt-_emaus-1024x798.jpg\" alt=\"rembrandt _emaus\" width=\"1024\" height=\"798\" srcset=\"http:\/\/paroquiagloria.org\/v2\/wp-content\/uploads\/2013\/01\/rembrandt-_emaus-1024x798.jpg 1024w, http:\/\/paroquiagloria.org\/v2\/wp-content\/uploads\/2013\/01\/rembrandt-_emaus-300x233.jpg 300w, http:\/\/paroquiagloria.org\/v2\/wp-content\/uploads\/2013\/01\/rembrandt-_emaus.jpg 2000w\" sizes=\"(max-width: 1024px) 100vw, 1024px\" \/><\/a><\/p>\n<h3 style=\"text-align: center;\"><span style=\"color: #ffffff;\">A Liturgia \u00e9 a celebra\u00e7\u00e3o do Mist\u00e9rio de Cristo<br \/>\ne em particular do seu Mist\u00e9rio Pascal. <\/span><\/h3>\n<p><span style=\"color: #ffffff;\">\u00a0<\/span><\/p>\n<p>&nbsp;<\/p>\n<p style=\"text-align: justify;\">Na Par\u00f3quia de Nossa Senhora da Gl\u00f3ria, est\u00e1 constitu\u00edda uma Equipa Paroquial de Liturgia que re\u00fane sempre que necess\u00e1rio para coordenar a vida lit\u00fargica da comunidade e para providenciar momentos de forma\u00e7\u00e3o aos elementos dos diferentes minist\u00e9rios e servi\u00e7os lit\u00fargicos. Tem um representante de cada minist\u00e9rio\/servi\u00e7o.<\/p>\n<p><a href=\"http:\/\/paroquiagloria.org\/v2\/?page_id=141\">Ac\u00f3litos<\/a><\/p>\n<p><a href=\"http:\/\/paroquiagloria.org\/v2\/?page_id=143\">Leitores<\/a><\/p>\n<p><a href=\"http:\/\/paroquiagloria.org\/v2\/?page_id=145\">Grupos corais<\/a><\/p>\n<p><a href=\"http:\/\/paroquiagloria.org\/v2\/?page_id=135\">Ministros extraordin\u00e1rios da comunh\u00e3o<\/a><\/p>\n<p><a href=\"http:\/\/paroquiagloria.org\/v2\/?page_id=147\">Zeladoras do templo<\/a><\/p>\n<p>&nbsp;<\/p>\n<p>&nbsp;<\/p>\n","protected":false},"excerpt":{"rendered":"<p>A Liturgia \u00e9 a celebra\u00e7\u00e3o do Mist\u00e9rio de Cristo e em particular do seu Mist\u00e9rio Pascal. \u00a0 &nbsp; Na Par\u00f3quia de Nossa Senhora da Gl\u00f3ria, est\u00e1 constitu\u00edda uma Equipa Paroquial de Liturgia que re\u00fane sempre que necess\u00e1rio para coordenar a vida lit\u00fargica da comunidade e para providenciar momentos de forma\u00e7\u00e3o aos elementos dos diferentes minist\u00e9rios [&hellip;]<\/p>\n","protected":false},"author":1,"featured_media":0,"parent":53,"menu_order":0,"comment_status":"open","ping_status":"closed","template":"","meta":{"ngg_post_thumbnail":0},"_links":{"self":[{"href":"http:\/\/paroquiagloria.org\/v2\/index.php?rest_route=\/wp\/v2\/pages\/101"}],"collection":[{"href":"http:\/\/paroquiagloria.org\/v2\/index.php?rest_route=\/wp\/v2\/pages"}],"about":[{"href":"http:\/\/paroquiagloria.org\/v2\/index.php?rest_route=\/wp\/v2\/types\/page"}],"author":[{"embeddable":true,"href":"http:\/\/paroquiagloria.org\/v2\/index.php?rest_route=\/wp\/v2\/users\/1"}],"replies":[{"embeddable":true,"href":"http:\/\/paroquiagloria.org\/v2\/index.php?rest_route=%2Fwp%2Fv2%2Fcomments&post=101"}],"version-history":[{"count":11,"href":"http:\/\/paroquiagloria.org\/v2\/index.php?rest_route=\/wp\/v2\/pages\/101\/revisions"}],"predecessor-version":[{"id":2961,"href":"http:\/\/paroquiagloria.org\/v2\/index.php?rest_route=\/wp\/v2\/pages\/101\/revisions\/2961"}],"up":[{"embeddable":true,"href":"http:\/\/paroquiagloria.org\/v2\/index.php?rest_route=\/wp\/v2\/pages\/53"}],"wp:attachment":[{"href":"http:\/\/paroquiagloria.org\/v2\/index.php?rest_route=%2Fwp%2Fv2%2Fmedia&parent=101"}],"curies":[{"name":"wp","href":"https:\/\/api.w.org\/{rel}","templated":true}]}}

<p><a href="http://paroquiagloria.org/v2/wp-content/uploads/2013/01/rembrandt-_emaus.jpg"><img loading="lazy" class="alignnone size-large wp-image-414" src="http://paroquiagloria.org/v2/wp-content/uploads/2013/01/rembrandt-_emaus-1024x798.jpg" alt="rembrandt _emaus" width="1024" height="798" srcset="http://paroquiagloria.org/v2/wp-content/uploads/2013/01/rembrandt-_emaus-1024x798.jpg 1024w, http://paroquiagloria.org/v2/wp-content/uploads/2013/01/rembrandt-_emaus-300x233.jpg 300w, http://paroquiagloria.org/v2/wp-content/uploads/2013/01/rembrandt-_emaus.jpg 2000w" sizes="(max-width: 1024px) 100vw, 1024px" /></a></p>
<h3 style="text-align: center;"><span style="color: #ffffff;">A Liturgia é a celebração do Mistério de Cristo<br />
e em particular do seu Mistério Pascal. </span></h3>
<p><span style="color: #ffffff;"> </span></p>
<p>&nbsp;</p>
<p style="text-align: justify;">Na Paróquia de Nossa Senhora da Glória, está constituída uma Equipa Paroquial de Liturgia que reúne sempre que necessário para coordenar a vida litúrgica da comunidade e para providenciar momentos de formação aos elementos dos diferentes ministérios e serviços litúrgicos. Tem um representante de cada ministério/serviço.</p>
<p><a href="http://paroquiagloria.org/v2/?page_id=141">Acólitos</a></p>
<p><a href="http://paroquiagloria.org/v2/?page_id=143">Leitores</a></p>
<p><a href="http://paroquiagloria.org/v2/?page_id=145">Grupos corais</a></p>
<p><a href="http://paroquiagloria.org/v2/?page_id=135">Ministros extraordinários da comunhão</a></p>
<p><a href="http://paroquiagloria.org/v2/?page_id=147">Zeladoras do templo</a></p>
<p>&nbsp;</p>
<p>&nbsp;</p>

<p>A Liturgia é a celebração do Mistério de Cristo e em particular do seu Mistério Pascal.   &nbsp; Na Paróquia de Nossa Senhora da Glória, está constituída uma Equipa Paroquial de Liturgia que reúne sempre que necessário para coordenar a vida litúrgica da comunidade e para providenciar momentos de formação aos elementos dos diferentes ministérios [&hellip;]</p>
